is the greatest common divisor of 49 and 64701?
7
Calculate the highest common divisor of 28382 and 2645.
23
Calculate the highest common factor of 9877 and 595.
119
Calculate the highest common factor of 635 and 247777.
127
Calculate the highest common divisor of 2561 and 12017.
197
What is the highest common divisor of 114137 and 311?
311
What is the greatest common factor of 231 and 627?
33
Calculate the greatest common factor of 415 and 6806.
83
What is the greatest common factor of 1540 and 6272?
28
What is the highest common divisor of 9024 and 672?
96
What is the greatest common divisor of 2000 and 1580?
20
What is the greatest common divisor of 176 and 126896?
176
What is the greatest common factor of 2016135 and 15?
15
Calculate the greatest common factor of 1113 and 46587.
159
Calculate the highest common factor of 2802 and 2544.
6
What is the greatest common factor of 2314 and 104?
26
Calculate the greatest common divisor of 297 and 1821798.
297
What is the greatest common divisor of 12832 and 23659?
401
Calculate the highest common factor of 399 and 49119.
21
What is the highest common factor of 332 and 7444?
4
What is the greatest common divisor of 481 and 906981?
37
What is the greatest common factor of 41 and 631031?
41
What is the highest common divisor of 414 and 1102482?
414
Calculate the highest common divisor of 32 and 1655232.
32
What is the highest common divisor of 23125 and 200?
25
What is the highest common factor of 558 and 284859?
279
Calculate the highest common factor of 175 and 312515.
35
Calculate the highest common factor of 20737 and 89.
89
Calculate the greatest common factor of 12 and 324648.
12
What is the highest common divisor of 152 and 5108036?
76
What is the greatest common divisor of 1401 and 129?
3
What is the greatest common factor of 30240 and 35616?
672
What is the greatest common divisor of 52157 and 42?
7
What is the highest common divisor of 249366 and 9?
3
Calculate the highest common factor of 183512 and 3857.
203
What is the highest common factor of 259 and 1579?
1
Calculate the greatest common divisor of 75 and 947200.
25
What is the highest common divisor of 43501 and 12732?
1061
What is the greatest common divisor of 6623 and 222?
37
Calculate the greatest common divisor of 357082 and 693.
11
Calculate the greatest common divisor of 1232 and 74844.
308
What is the highest common factor of 78524 and 1072?
268
What is the greatest common divisor of 214727 and 10693?
289
Calculate the greatest common divisor of 36 and 54828.
36
Calculate the highest common divisor of 1116 and 32202.
18
Calculate the greatest common factor of 46620 and 3182.
74
What is the greatest common divisor of 9405 and 4696857?
1881
Calculate the greatest common factor of 280 and 24458.
14
Calculate the highest common factor of 20815 and 460.
115
What is the highest common divisor of 620 and 5020?
20
Calculate the greatest common factor of 605 and 1065.
5
Calculate the greatest common divisor of 197913 and 222.
111
Calculate the greatest common divisor of 2717 and 3536.
13
What is the greatest common factor of 22508 and 51?
17
Calculate the greatest common divisor of 150 and 1312050.
150
Calculate the highest common divisor of 5989 and 9040.
113
What is the greatest common factor of 5395 and 390?
65
Calculate the greatest common divisor of 7715125 and 775.
775
What is the greatest common divisor of 1665 and 5985?
45
What is the greatest common factor of 12 and 13134900?
12
What is the greatest common divisor of 908 and 41087?
227
What is the greatest common divisor of 638 and 87?
29
What is the highest common factor of 152 and 1786?
38
Calculate the highest common divisor of 720 and 43080.
120
Calculate the greatest common factor of 111132 and 1242.
54
Calculate the greatest common divisor of 403102 and 56.
14
Calculate the highest common divisor of 35223 and 3582.
597
What is the greatest common factor of 29684 and 68060?
164
What is the greatest common divisor of 13520 and 15830?
10
Calculate the greatest common divisor of 55742 and 2726.
94
Calculate the greatest common factor of 1805 and 1347613.
361
Calculate the greatest common divisor of 1943 and 2668.
29
What is the highest common factor of 119 and 31739?
17
Calculate the greatest common divisor of 30 and 426.
6
Calculate the highest common factor of 40 and 2054970.
10
What is the highest common factor of 8 and 6934?
2
Calculate the highest common divisor of 6897 and 76.
19
What is the highest common factor of 254915 and 340?
85
What is the highest common factor of 80 and 185480?
40
Calculate the greatest common factor of 2152233 and 27.
9
What is the highest common divisor of 2974631 and 22?
11
What is the greatest common factor of 61054 and 159488?
1246
Calculate the greatest common divisor of 38319 and 318.
159
What is the highest common factor of 22117 and 136?
17
What is the greatest common divisor of 6020900 and 100?
100
Calculate the highest common factor of 30 and 44170.
10
What is the greatest common factor of 296175 and 150?
75
Calculate the greatest common factor of 89887 and 21.
7
What is the greatest common factor of 27 and 30777?
3
Calculate the highest common divisor of 6530 and 1410.
10
What is the highest common factor of 231 and 6765?
33
What is the highest common factor of 396 and 2479884?
132
Calculate the greatest common divisor of 46 and 43.
1
Calculate the highest common factor of 90 and 472500.
90
What is the greatest common divisor of 155120 and 1330?
70
What is the highest common factor of 3360 and 13272?
168
What is the highest common factor of 2619930 and 1150?
230
What is the highest common factor of 545 and 515570?
545
What is the highest common divisor of 31030 and 621670?
1070
Calculate the highest common divisor of 260 and 14020.
20
What is the greatest common factor of 4794 and 7050?
282
Calculate the highest common factor of 4862 and 990.
22
What is the highest common divisor of 15 and 212025?
15
What is the greatest common divisor of 433567 and 1046?
523
What is the greatest common factor of 2972796 and 276?
276
What is the greatest common divisor of 159997 and 386?
193
What is the highest common factor of 3531 and 48598?
11
What is the greatest common divisor of 137584 and 544?
16
Calculate the greatest common divisor of 13961 and 12140.
607
What is the highest common factor of 20 and 7204?
4
Calculate the highest common factor of 166 and 398.
2
Calculate the greatest common divisor of 119 and 125069.
119
Calculate the greatest common divisor of 34992 and 1594323.
2187
Calculate the highest common divisor of 2 and 6718.
2
What is the greatest common factor of 50875 and 375?
125
Calculate the greatest common factor of 1076 and 1180372.
1076
What is the highest common factor of 375892 and 44?
44
Calculate the highest common factor of 3860 and 2260.
20
What is the highest common divisor of 153 and 27829?
17
What is the greatest common divisor of 176952 and 584?
584
What is the greatest common divisor of 738 and 70479?
369
Calculate the highest common divisor of 116876 and 122.
122
Calculate the greatest common factor of 7409 and 620.
31
What is the highest common divisor of 203 and 35467?
29
Calculate the greatest common factor of 1037 and 8845.
61
What is the greatest common factor of 245 and 40180?
245
What is the highest common divisor of 870 and 956304?
174
What is the highest common divisor of 9486 and 53108?
34
Calculate the highest common factor of 56870 and 198.
22
What is the highest common divisor of 10808 and 1400?
56
What is the highest common factor of 200222 and 110?
22
Calculate the highest common factor of 3394850 and 20.
10
Calculate the highest common divisor of 4320 and 66720.
480
Calculate the highest common divisor of 87930 and 54.
18
Calculate the greatest common divisor of 45240 and 37816.
232
Calculate the greatest common factor of 6667 and 226.
113
What is the greatest common divisor of 79734 and 5343?
411
Calculate the highest common factor of 650115 and 90.
45
What is the greatest common divisor of 1008 and 348112?
16
Calculate the highest common divisor of 960 and 17424.
48
What is the greatest common factor of 4617 and 342?
171
Calculate the highest common factor of 25848 and 168.
24
What is the 